 = x + -7. Calculate the greatest common divisor of 9 and p.
9
Let m be (-28)/(-2)*1/2. Let d = 984 - 696. Suppose -4*k = 4*v - d, 0*v - 2*k = v - 67. Calculate the highest common divisor of v and m.
7
Let l = 58 + -43. Suppose 5*f = 285 - 60. What is the greatest common factor of f and l?
15
Suppose 0 = -2*n + 11 + 259. Suppose 2*c - 7*c - 8 = -4*p, 2*p - 4 = -3*c. Suppose c = 4*k - k - n. Calculate the greatest common factor of k and 18.
9
Suppose -7*s + 9*s = 56. Let r be (-5)/(25/2)*-105. Calculate the highest common divisor of s and r.
14
Let c = 100 - 90. Calculate the greatest common divisor of 40 and c.
10
Suppose 3*z - z - 42 = 0. Suppose -7*y - 44 = -3*y. Let t = z + y. Calculate the highest common divisor of t and 2.
2
Suppose 0 = -0*i - 5*i + 20. Let k(j) = 384*j**3 + 2*j**2 - j. Let s be k(1). Suppose o = -i*o + s. Calculate the greatest common factor of 11 and o.
11
Let i = -2 - -33. Suppose 4*a - i = -7. Calculate the highest common divisor of a and 42.
6
Suppose 0 = -3*y + 5*y - 22. Calculate the highest common divisor of y and 11.
11
Let q be 43 - (-1)/(4/(-12)). What is the greatest common factor of q and 16?
8
Suppose g + 5*n + 5 = 0, 4*g - n - 44 = -5*n. Suppose 12 = w + 2. What is the greatest common factor of g and w?
5
Let c = 25 - -15. What is the highest common factor of c and 5?
5
Let n(k) = 6 - k**3 - 2 + k + 5*k**2 - k**2. Let x = 8 + -5. Let r be n(x). Calculate the highest common divisor of r and 4.
4
Let z be 92/16 + 6/(-8). Let n = z - 8. Let v = 14 + n. What is the highest common factor of 99 and v?
11
Let y = 61 - 10. Suppose -681 = -5*n + 3*j, -4*n - y + 606 = j. Let h = n - 74. What is the greatest common factor of h and 8?
8
Suppose -5 = -3*q + 10. Suppose -24 = -3*v - 2*h, 4*v - v - 33 = -5*h. Let j = v - 5. What is the highest common divisor of q and j?
1
Let g(i) = 3*i**2 + 2*i + 1. Let t be g(-1). Suppose 5*o - 36 = t*o. Let z = o - 7. Calculate the greatest common factor of 55 and z.
5
Suppose 53 = 3*y + 8. Let x be 0 - 0/1 - -10. What is the highest common factor of x and y?
5
Let v(t) be the third derivative of t**6/120 - t**5/60 - t**4/8 + 2*t**3/3 - t**2. Let y be v(4). Calculate the greatest common divisor of y and 16.
8
Suppose -3*f + 81 = -t - 0*t, 135 = 5*f - 3*t. Calculate the greatest common factor of 18 and f.
9
Let j be (2 - -3) + -3*1. Suppose -3*i + i - j*l + 18 = 0, 4*i = 3*l + 1. What is the highest common divisor of 2 and i?
2
Let t(g) be the third derivative of g**4/8 + 7*g**3/6 + g**2. Let q be t(5). Let c be ((-1)/(-3))/(2/12). What is the highest common divisor of c and q?
2
Let j = 1 + -11. Let w = j - -30. What is the highest common factor of 20 and w?
20
Let z(f) = -5*f - 36. Let s be z(-10). Calculate the greatest common divisor of s and 63.
7
Let r(h) be the third derivative of 3*h**5/20 + h**4/4 - 7*h**3/6 + h**2. Let b be r(3). Calculate the greatest common factor of 23 and b.
23
Let y be (-9)/(4*(-12)/128). Calculate the highest common divisor of 16 and y.
8
Suppose 4*t + m = 51, -3*t + 0*m = 3*m - 36. Let b = -6 + t. What is the greatest common divisor of 49 and b?
7
Let q = 20 + 32. What is the highest common divisor of q and 13?
13
Let r = 47 + -85. Let a = -24 - r. Calculate the greatest common factor of 35 and a.
7
Suppose -2*n = 4*w - 648, -2*w + 0*n = 2*n - 328. Let p = -28 + 48. Calculate the greatest common factor of p and w.
20
Let r(s) = -26*s - 4. Let p be r(-5). What is the highest common divisor of 14 and p?
14
Let v be (-2 - -1)/((-77)/(-78) + -1). Calculate the highest common factor of v and 26.
26
Let h be ((-90)/(-20))/(3/32). Calculate the greatest common factor of h and 8.
8
Let x = 128 + 117. Let c = 366 - x. Suppose -4*p = 2*p - 66. Calculate the highest common divisor of c and p.
11
Let v be (-3 + 0)/((-4)/140). Calculate the highest common divisor of v and 42.
21
Let k be (8/24)/((-742)/372 - -2). Calculate the greatest common divisor of k and 31.
31
Let k = 46 - 18. What is the greatest common factor of 70 and k?
14
Let f be (-7 - -4)*1 + 10. What is the highest common factor of 70 and f?
7
Suppose -5*l + 21 = -9. Suppose -2 = u, 0*j + j + 4*u + 3 = 0. Suppose -8 = j*p - 53. Calculate the highest common factor of p and l.
3
Let u(z) = z + 1. Let b be u(4). Calculate the highest common factor of b and 1.
1
Let r(h) = h**3 + 7*h**2 - 10*h - 7. Let i be r(-7). Calculate the highest common factor of i and 7.
7
Let n(k) = -10*k**2 - k**3 + 2*k - 3*k - 1 + 3*k + 8*k. Let s be n(-11). Calculate the highest common divisor of s and 15.
5
Let l be (13 + 0)*1/1. Suppose 38 = -7*r + 311. Calculate the greatest common divisor of l and r.
13
Let f(u) = u**2 - 6*u - 5. Let t be f(7). Let r be 5 - t - 0/2. Suppose -2*p + 57 = -0*p - r*k, 2*p = k + 51. What is the greatest common divisor of 60 and p?
12
Let t(c) = 2*c**2 - 3*c + 2. Let n be t(4). Calculate the highest common factor of n and 4.
2
Let j(s) = s**2 + 11. Let z be j(8). Suppose -z = 4*f + f. Let b be (-4)/10 + (-831)/f. Calculate the highest common factor of 5 and b.
5
Suppose 6*m - 17*m = -792. Calculate the greatest common factor of 8 and m.
8
Suppose -h = -7 + 2. Suppose -i + 450 = -4*i. Let j be i/3*(-3)/6. Calculate the highest common factor of j and h.
5
Suppose 4*n + 16 = 0, n - 80 = -4*x + 3*n. Suppose 2*j = -0*j + 5*k - x, j - 5 = -k. Let v be 8 + 0/(j - 0). Calculate the highest common factor of v and 56.
8
Suppose 54 = 3*f - 135. What is the greatest common divisor of 21 and f?
21
Let y(j) = -6*j - 8. Let w be y(-12). What is the highest common divisor of 8 and w?
8
Suppose 0*l + 220 = 2*l. Let w(h) = -h**3 - 8*h**2 - 10*h - 7. Let n be w(-6). Let b = -9 - n. Calculate the greatest common factor of l and b.
10
Suppose -5*z + 0*s + 51 = 3*s, 0 = -z - 5*s + 19. Let j be (-142)/(-3) + 6/z. Let i be 17 + (3*-1 - -2). What is the greatest common divisor of j and i?
16
Let n(j) = -j - 2. Let m be n(-6). Suppose m*a = 39 + 9. What is the highest common factor of a and 30?
6
Let q = -9 - -6. Let v be (1/(-2))/(4/64). Let r = q - v. What is the greatest common divisor of 15 and r?
5
Suppose -7*p + 24 = -3*p. Calculate the greatest common divisor of p and 6.
6
Let n be 69/(1*9/3). Calculate the greatest common factor of n and 23.
23
Let r(v) = -v**3 + 10*v**2 - 4*v - 11. Let p be r(8). Suppose 0 = 3*u + 57 + 90. Let a = u + p. Calculate the highest common factor of a and 12.
12
Suppose k = -0*k - 4. Let q be (3*k)/(3/(-18)). What is the highest common factor of q and 8?
8
Suppose 2*h - 4 = 8. What is the highest common divisor of 54 and h?
6
Suppose -39 = -3*o + 6. Calculate the highest common factor of 120 and o.
15
Let l(v) = 13*v + 3. Let t be l(3). What is the highest common divisor of t and 63?
21
Suppose -5*y - 2*c + 4 = -8, 3*y - 4*c = 28. Calculate the greatest common divisor of 16 and y.
4
Let i = -109 + 54. Let m be ((-4)/(-5))/((-2)/i). What is the highest common divisor of m and 55?
11
Let a = -5 + 13. Let b(o) = 4*o. Let p be b(a). Suppose 0*d - 4*d + 22 = -2*c, 0 = -5*c + 25. Calculate the highest common divisor of d and p.
8
Let i be 86 + 2/((-4)/6). Let c = 176 - i. What is the highest common divisor of 62 and c?
31
Let x be 4/10 + 13/5. Let t = -20 + 23. What is the greatest common factor of t and x?
3
Let s = 114 - 67. Suppose -3*i = -r - s, -i + 6 = 5*r + 1. Calculate the greatest common factor of 165 and i.
15
Let l(u) be the second derivative of u**5/20 + u**4/3 - 2*u**3/3 + 3*u**2 - 2*u. Let t be l(-5). Calculate the greatest common divisor of 2 and t.
1
Suppose 3*m = -0*h + 4*h - 282, -3*h + 2*m + 212 = 0. Calculate the highest common factor of h and 18.
18
Suppose -20 = 5*l - 5*a, 4*l - 4*a = -l - 15. Let d be 6/l + -3 + 3. What is the greatest common divisor of d and 18?
6
Let b = -11 - -19. What is the greatest common factor of 40 and b?
8
Let d(u) = u**3 - 7*u**2 + 9*u - 5. Let p be ((-1)/2)/(7/(-84)). Let t be d(p). Suppose 3*f + 2*f = 520. What is the greatest common divisor of t and f?
13
Let i be 8 + -7 + 1*2. Let d(c) = 8*c. Let t be d(i). Suppose y = 4*q - 238, q - 5*q + 250 = 5*y. What is the greatest common divisor of t and q?
12
Suppose 217 + 87 = 2*k. Calculate the highest common divisor of 19 and k.
19
Let t be (15/6)/((-1)/(-2)). Suppose 2*p = 4*i - 110, t*p =